 74c?
-738
In base 12, what is 2 - 118677?
-118675
In base 15, what is c + -844?
-837
In base 3, what is 21222001010 - -10?
21222001020
In base 12, what is 9b41 + -1?
9b40
In base 7, what is 3031 + -2?
3026
In base 6, what is 3343041 + -4?
3343033
In base 14, what is d16 - 16?
d00
In base 16, what is 23cb - -11?
23dc
In base 14, what is 2 + -3a2?
-3a0
In base 5, what is -402443 - -3?
-402440
In base 7, what is 1 + -321463?
-321462
In base 3, what is 11 + 10122002221?
10122010002
In base 6, what is 1 + 121?
122
In base 9, what is -182746 + -4?
-182751
In base 16, what is 580 + -2a?
556
In base 3, what is 112011222 + -20?
112011202
In base 16, what is -c43 + 5d?
-be6
In base 10, what is 165 - 1556?
-1391
In base 15, what is 33 + -e39?
-e06
In base 14, what is -351 - -1c?
-333
In base 4, what is 1001003 + -13312?
321031
In base 3, what is -1021101010022 - -2?
-1021101010020
In base 5, what is -30 - 33214302?
-33214332
In base 7, what is -10 - -16650?
16640
In base 10, what is 16226 + -2?
16224
In base 15, what is -294 + -7?
-29b
In base 13, what is 1 - c49a?
-c499
In base 14, what is -9221 - -1?
-9220
In base 15, what is 1b0b + 4?
1b10
In base 6, what is -205 - 15013?
-15222
In base 11, what is 5 - 153376?
-153371
In base 3, what is 20020210 + 11110?
20102020
In base 4, what is 1011032 - -111?
1011203
In base 5, what is 1323 - 4222?
-2344
In base 15, what is 1 - 90d05?
-90d04
In base 10, what is -3 - -7276?
7273
In base 12, what is 19 + 3577?
3594
In base 6, what is -155011 - -13?
-154554
In base 6, what is -15 - 25324?
-25343
In base 9, what is -5618 + -23?
-5642
In base 5, what is 221224 - -2?
221231
In base 9, what is -246 - 621?
-867
In base 11, what is -117 - -6a?
-58
In base 16, what is 140 + -3f0?
-2b0
In base 16, what is -1a630 - 3?
-1a633
In base 2, what is 1011100101 - -10010?
1011110111
In base 8, what is -503 + -1202?
-1705
In base 15, what is b + -4225?
-4219
In base 16, what is -d3 + -10?
-e3
In base 10, what is 3 - 2738?
-2735
In base 14, what is c5a2 + 0?
c5a2
In base 16, what is -4 - 4e1e?
-4e22
In base 7, what is -1 - 15222?
-15223
In base 7, what is 355116 - 2?
355114
In base 16, what is -1256c - 5?
-12571
In base 12, what is 12b5b + 0?
12b5b
In base 11, what is -5 - -10517?
10512
In base 11, what is -151 + 431?
290
In base 3, what is -1001 - 1001001?
-1002002
In base 15, what is 5 + -1b732?
-1b72c
In base 8, what is -225510 - -63?
-225425
In base 2, what is -1 + 111000101101000?
111000101100111
In base 3, what is 11 - 12211221121?
-12211221110
In base 10, what is 7757 - 3?
7754
In base 16, what is -338 - -4c2?
18a
In base 9, what is 1 - 1708475?
-1708474
In base 10, what is -156 + -11501?
-11657
In base 10, what is -2 + -16713?
-16715
In base 16, what is 12 + 77f0?
7802
In base 11, what is 11 + 31809?
3181a
In base 15, what is 65 + -804?
-78e
In base 5, what is 344020 + 10?
344030
In base 8, what is 2 + -1413403?
-1413401
In base 4, what is 13112213232 - -11?
13112213303
In base 13, what is 74728 + 1?
74729
In base 13, what is 115a42 + 2?
115a44
In base 16, what is 2 - 9b5ba?
-9b5b8
In base 2, what is 1011100100 - -10110?
1011111010
In base 12, what is 242 + b9a?
1220
In base 15, what is 21 - -c5d?
c7e
In base 10, what is 1688 - 1432?
256
In base 13, what is 8 + -429c1?
-429b6
In base 13, what is 385 - 10ac?
-a27
In base 14, what is 2 + -4971?
-496d
In base 12, what is -67 + -1998?
-1a43
In base 12, what is -1a5 - -372?
189
In base 3, what is 201 + 12002100222?
12002101200
In base 12, what is -63aa - 0?
-63aa
In base 11, what is 5 - 528?
-523
In base 11, what is 75184 + -5?
7517a
In base 13, what is -4 - -26c3?
26bc
In base 12, what is -2236 - -2?
-2234
In base 11, what is 5 + a57349?
a57353
In base 14, what is -7c873 + 3?
-7c870
In base 6, what is 24222 + -23?
24155
In base 5, what is 0 - -302042?
302042
In base 7, what is 1124210 + 4?
1124214
In base 7, what is 46650 - 0?
46650
In base 12, what is 11 + 4148?
4159
In base 9, what is -5 + 2884?
2878
In base 5, what is 2440 - -2133?
10123
In base 9, what is -63114 - 3?
-63117
In base 11, what is 3489 + -1?
3488
In base 8, what is -50506 + -3?
-50511
In base 13, what is -1 + -72690?
-72691
In base 7, what is -15615 - 15?
-15633
In base 9, what is 0 - -7853?
7853
In base 11, what is 11015 - 71?
10a54
In base 11, what is -1811 - -1a?
-17a2
In base 4, what is 2310 + 12023?
20333
In base 6, what is 14 + 225420?
225434
In base 3, what is -210100101 + -2?
-210100110
In base 7, what is 6 + 544352?
544361
In base 15, what is 5 - 1813?
-180d
In base 5, what is -10 + 1232342?
1232332
In base 10, what is 543501 - -9?
543510
In base 9, what is -7 + -7066?
-7074
In base 4, what is -3032120 - 1212?
-3033332
In base 7, what is -23010 - -5?
-23002
In base 10, what is 83761 - -4?
83765
In base 11, what is -5a + 531a?
5270
In base 10, what is -1891 - 27?
-1918
In base 2, what is 101011010100 + -1101010?
101001101010
In base 5, what is -42101042 + -1?
-42101043
In base 14, what is -d4 + -438?
-52c
In base 8, what is 0 - -22721?
22721
In base 3, what is -1120021 - -10112?
-1102202
In base 4, what is -2122 + 112221?
110033
In base 2, what is -1000100111110001011 + -111?
-1000100111110010010
In base 3, what is -11 - -102220221?
102220210
In base 14, what is -9a474 + -7?
-9a47b
In base 8, what is 3731 - -73?
4024
In base 9, what is -3 - 76348?
-76352
In base 8, what is -241 - 12512?
-12753
In base 15, what is 8 + 400?
408
In base 14, what is -18ab + -24?
-18d1
In base 15, what is e + -579e?
-5790
In base 16, what is -5be44 + c?
-5be38
In base 14, what is -b1b + -1?
-b1c
In base 9, what is -25 - 1126?
-1152
In base 13, what is 1b + -545?
-527
In base 3, what is 1220011 + 1011?
1221022
In base 6, what is 1 + -20424142?
-20424141
In base 13, what is 0 + 85a65?
85a65
In base 16, what is -1a0 + -3?
-1a3
In base 7, what is -3 - -1136413?
1136410
In base 14, what is -3 - -23c6a?
23c67
In base 13, what is -338 - -9?
-32c
In base 3, what is -11202 - -1002211?
221002
In base 16, what is -4 - -118ae?
118aa
In base 14, what is -1b0 + 48c?
2bc
In base 8, what is 43517 + -1?
43516
In base 4, what is -3 + -1213223?
-1213232
In base 10, what is 324 + 3342?
3666
In base 3, what is 110 + -1102110202?
-1102110022
In base 2, what is 1111010111 + -1110?
1111001001
In base 11, what is -408 + -51?
-459
In base 7, what is 1036 - 116?
620
In base 4, what is 132301010 - 11?
132300333
In base 4, what is -200033 - 1201?
-201300
In base 14, what is -62 + 577b?
5719
In base 14, what is 59c - 29?
573
In base 15, what is 6d2 + 11?
6e3
In base 5, what is 32403222 - -4?
32403231
In base 16, what is -1b7a4 - 11?
-1b7b5
In base 10, what is -38708 - -3?
-38705
In base 9, what is -510 + 37?
-462
In base 12, what is 359aa3 - 0?
359aa3
In base 15, what is 3 - 1bbe6?
-1bbe3
In base 4, what is -2300333301 - 2?
-2300333303
In base 11, what is -6 + -18834?
-1883a
In base 9, what is -71 + -474?
-555
In base 5, what is -2104 + -2212?
-4321
In base 13, what is -7 - -2c994?
2c98a
In base 16, what is -11ad - 1ac?
-1359
In base 5, what is 2403114 - -2?
2403121
In base 15, what is -aa1b10 - 2?
-aa1b12
In base 6, what is -14 - -2301?
2243
In base 8, what is 3513 - -3271?
7004
In base 14, what is -25 - -7d0b?
7cc6
In base 10, what is -36848 - 35?
-36883
In base 15, what is 5 + -5d9b?
-5d96
In base 9, what is 264 + 2543?
2817
In base 3, what is 1202222 + 11022?
1221021
In base 8, what is -66570 - 2?
-66572
In base 8, what is 3162 + -204?
2756
In base 7, what is 5 + -1335?
-1330
In base 14, what is -2 - -2079?
2077
In base 12, what is -43 - 711?
-754
In base 11, what is 57 + -4641?
-4595
In base 8, what is -22 + 1055?
1033
In base 6, what is 550125 - -2?
550131
In base 16, what is -4 + -e8912?
-e8916
In base 10, what is -252 + 51?
-201
In base 8, what is -231 - -11?
-220
In base 3, what is -102200212 + 11?
-102200201
In base 13, what is 3 - -152a4?
152a7
In base 13, what is 19 - 1cac?
-1c93
In base 4, what is -10032032323 - 11?
-10032033000
In base 14, what is -42 + -19d?
-201
In base 11, what is -45 + 7a38?
79a3
In base 15, what is -c02e + -11?
-c040
In base 7, what is -2432 - -154?
-2245
In base 8, what is 2 + -1307?
-1305
In base 16, what is 2a - 7243?
-7219
In base 15, what is -85 + 695?
610
In base 6, what is -3025 + -115?
-3144
In base 13, what